+ 2*w = 10. Give k(o).
-4
Let h be (6 + (11 - (-30)/(-6)))*4. Suppose -12*j - h = -12. Let a(v) = -v + 1. Give a(j).
4
Let h be ((6800/(-60))/34)/(15/(-27)). Let b(n) = n**3 - 5*n**2 - 20*n + 82. Calculate b(h).
-2
Suppose 17*n = 8*n + 378. Let c(l) = -n*l**2 - 2*l + 0*l + 1 + 5*l + 41*l**2. Suppose 2*g - 20 = 5*t, -2*g = -g + t - 3. Determine c(g).
-9
Suppose 3*g = -5*n + 33 - 2, 0 = -3*g - 3*n + 21. Let k(y) = y + 17 - 4*y - 15 + y**g + 0*y**2. Let v be (-4)/6 + (-14)/(-3). Calculate k(v).
6
Let x(r) = -r**2 + 4*r + 4. Let l = 342 + -261. Let u be (-2 - -1)/(-2) + l/18. Determine x(u).
-1
Let x(k) = 67*k**3 + 32*k**2 + 38*k - 54. Let j(q) = -42*q**3 - 21*q**2 - 25*q + 36. Let s(o) = -8*j(o) - 5*x(o). Determine s(-6).
-6
Let h(b) = b**3 + b + 2. Let q be (-12 + 4)*(-5)/(-20). What is h(q)?
-8
Let o(w) = w**2 - w - 14. Suppose -141*s - 24 = -147*s. Let k be o(s). Let v(r) be the first derivative of -r**4/4 + r**2/2 + 2*r + 3. Determine v(k).
8
Suppose -18 = 2*p - 2*j, -2*p - 3*j + 14 - 2 = 0. Let i(d) = d**3 + 4*d**2 + 3*d + 3. Calculate i(p).
3
Let u(z) = -51*z**2 + 27*z + 8. Let m(w) = -17*w**2 + 10*w + 3. Let f(p) = 8*m(p) - 3*u(p). Calculate f(1).
16
Let s(z) = 3*z**2 + 18*z - 50. Let x be s(-8). Let l(w) = -15*w**3 - 10*w**2 + 5*w + 5. What is l(x)?
75
Let l(b) = -b**3 + 9*b**2 + 10*b - 1. Suppose -16*d + 75 = 62 - 147. Calculate l(d).
-1
Suppose -19*n + 382 = 78. Suppose -b = 5*a + 4, 2*b + n = 5*b + a. Let t(d) = -d**2 + 7*d - 10. Give t(b).
-4
Let k(t) = 17*t - 271. Let y(m) = 32*m - 491. Let l(w) = -9*k(w) + 5*y(w). What is l(-24)?
-184
Let p(n) = -123*n - 3189. Let y be p(-26). Let g(b) = b**2 - 8*b + 1. What is g(y)?
10
Let x(y) be the first derivative of -y + 15*y**2 - 157 + 3*y**2 - 30 - 15*y**2. Suppose q = 2*k - 4, -2*k + 2*q + 2*q + 10 = 0. Give x(k).
5
Let a(u) be the second derivative of 7*u**4/3 + 5*u**3/6 - u**2/2 + 710*u + 2. Calculate a(1).
32
Let n(z) = 3*z**2 + 8*z + 12. Let q(k) = 2*k**3 - 3*k**2 - 9*k - 2. Let r be q(3). Calculate n(r).
8
Let l = 3908 + -3895. Let n(q) = q**2 - 15*q + 30. Give n(l).
4
Let r(i) = 47*i - 1793. Let f be r(38). Let x(g) = -4*g - 40. Give x(f).
-12
Let o(k) be the second derivative of k**4/6 - 5*k**3/6 + 3*k**2/2 - 3*k + 200. What is o(7)?
66
Let g(r) = r**3 - 11*r**2 + 17*r + 12. Let o be g(9). Let i(z) be the first derivative of -z**3 + 3*z**2/2 - z - 212. Calculate i(o).
-19
Let s(q) = 4*q**2 + 15*q - 28. Let d(h) = h**2 + 2*h - 4. Let t(w) = -5*d(w) + s(w). Let n(p) = p**2 - 34*p - 31. Let g be n(35). Determine t(g).
-4
Let u(k) = -k + 18. Suppose -287*h + 281*h = 53 - 185. Give u(h).
-4
Let j be (-19)/(-7) + 4/14. Let c(r) = -8 + 2*r**2 + 9*r - j*r**2 + 2. Let v be (8/5)/(59/295). Calculate c(v).
2
Let d(w) = 3*w + 92. Let v be 360/(90/(-10))*(3 + (-27)/12). Calculate d(v).
2
Suppose 5*n - 126 = 3*n + 5*j, 3*n - 198 = 3*j. Let w(a) = n - 30 - 35 + a**2 - 8*a. Suppose -25 = -4*s - s, -3*i + s = -19. Calculate w(i).
3
Let t(j) = 10996 - 3*j - 2*j**3 - 12*j**2 - 5496 + 4*j**3 - 5496 - 30*j. What is t(8)?
-4
Suppose 3*t = 4*l + 23, 0*t - 4*t + 35 = -l. Suppose t = 3*m - 0. Let z(u) be the first derivative of -u**4/4 + 2*u**3/3 + u**2 - u + 21. Give z(m).
-4
Let t(p) = 5148*p**2 - 2*p**3 + 2 + 2*p + 0 - 2571*p**2 - 2574*p**2. What is t(3)?
-19
Let q(a) = -a**2 - a - 4*a + 7*a - 16*a - 17. Suppose -22 = -5*d - 87. Determine q(d).
-4
Let z(k) be the first derivative of 6*k - 1/4*k**4 - k**2 + 11 + 3*k**3. Suppose 3*d = -2*s + 30, 7*s - 3*d + 57 = 12*s. Determine z(s).
-12
Let q(s) = -127*s**2 + 7*s + 5. Let x(t) = 73*t**2 - 3*t - 3. Let d(c) = 4*q(c) + 7*x(c). What is d(-2)?
-3
Let q(u) = -u**2 - u - 1. Let h be (-1)/(3*4/(-36)). Suppose -3*i = h*i - 12. Let y = i + -5. Calculate q(y).
-7
Suppose -1 = 8*k - 33. Let b(v) = -k + 3*v + 6 - v**2 - 4. What is b(2)?
0
Let j(t) = t**3 + t**2 - t + 1. Let q be ((-2)/(-4))/(17/(-136)). Let o be (q - (-5 - -2))*(3 - 4). Determine j(o).
2
Suppose -c - 4*t + 5 = -9*t, 2*t = 0. Let j(b) = 10*b + c*b - 23*b + b. Suppose 2*a + 14 = -a + 2*p, -5*p = 5*a - 10. Calculate j(a).
14
Let x(g) = g**3 - 6*g**2 + 6*g - 3. Let o(w) = 19 + 10 - 4 + 2*w**2 + 13*w. Let h be o(-4). Determine x(h).
2
Let r(v) = 4*v**3 - 2*v**2 + v + 6. Let f(t) = -t**3 + t**2 - t - 3. Let z(y) = 7*f(y) + 2*r(y). What is z(-4)?
-5
Let j = 634 + -231. Suppose j = -2*b + 391. Let w(k) = -5*k - 8. Determine w(b).
22
Let a(n) = -n**2 + 11*n - 13. Let z(i) = -12*i + 9 - 28 - 50 - 17. Let c be z(-8). What is a(c)?
-3
Let p(r) = 3*r**2 + 11*r + 1. Let j(v) = 14*v**2 + 46*v + 4. Let m be 11 + -15 + -6 + 8. Let l(d) = m*j(d) + 9*p(d). Give l(7).
1
Let b = -38 + -11. Let g = 43 + b. Let d(h) = 3 + 6*h - 1 + 3*h - 10*h. Determine d(g).
8
Suppose j = 2*a - 43, -5*a = -3*j - 116 + 7. Let y(d) = -3*d + 29. Give y(a).
-31
Let u(s) be the third derivative of 0*s + 0 - 1/8*s**4 + 102*s**2 - 11/6*s**3. Calculate u(-11).
22
Let i(t) = -t**2 + 3*t + 5. Let n be ((0/(-15))/14)/(-5). Determine i(n).
5
Let b(v) = 11*v**2 + 36*v - 47. Let o(c) = -4*c**2 - 13*c + 17. Let a(k) = 3*b(k) + 8*o(k). What is a(3)?
16
Let a = 3067 - 3064. Let w(c) = -c**2 + c - 1. Let d(f) = 14*f + f**3 + 1 - 39*f + 18*f + 2*f**2 + 2. Let y(h) = d(h) + 5*w(h). Calculate y(a).
-8
Let p(f) = 3*f**2 + 11 - 5*f - 5 - 4*f**2. Let c be (-6)/(-558)*-6 + (-153)/31. Give p(c).
6
Suppose -82 = -3*x - 5*c + 80, 5*c = 5*x - 310. Let v = x - 60. Let d(q) = -8*q**2. Calculate d(v).
-8
Let z = -5129 - -5124. Let k(x) = 3*x + 16. What is k(z)?
1
Let y be 1 - (20 - (-457)/(-24)). Let n(i) be the third derivative of y*i**4 + 0 + 0*i - 21*i**2 + 0*i**3. What is n(3)?
3
Suppose -2*j - 3*b + 0*b = 43, -2*b = 8*j + 202. Let u(p) = p + 25. Give u(j).
-1
Let u(n) be the second derivative of n**6/360 + n**5/120 - n**4/6 + 79*n**3/6 + 89*n. Let x(r) be the second derivative of u(r). Give x(3).
8
Suppose 0 = -a - 1, 0 = -z + 3*z - 2*a - 10. Suppose 5*y = -5*t + 20, 1 = -3*t + z*y - 8. Let d(o) be the first derivative of 2*o**3/3 + 65. Determine d(t).
2
Let o(w) = 8*w + 12*w**2 - 361 + 363 - 13*w - 11*w**2. What is o(1)?
-2
Suppose -5*o = 2*j - 60 + 98, 2*o = -4*j - 28. Let u(x) = -11*x - 51. Determine u(o).
15
Let b(x) be the third derivative of -x**5/60 - 5*x**4/24 + x**3/6 - 36*x**2 + x. Let g(k) = -5*k**2 - 21*k + 22. Let c be g(1). Give b(c).
5
Let c(n) = 4 - 367860*n - 6 + n**2 + 367865*n. Give c(-10).
48
Let d(i) = -25*i + 10. Let u(h) be the third derivative of -h**4/6 + 77*h**2 - 1. Let y(c) = d(c) - 6*u(c). What is y(9)?
1
Let b(g) = -g**3 - g**2 - g - 2. Let w(n) be the first derivative of n**4/4 + n**2/2 + 2*n - 15. Let k(c) = 4*b(c) + 3*w(c). Let j = -14 - -10. What is k(j)?
2
Let g(r) = r**2 - 5*r - 1. Suppose -l + 3*l = 0. Let z be -3 + 4 - (l + 1). Suppose z = -m - 3*p + 15, 0*m - 2*p - 24 = -5*m. What is g(m)?
5
Let n(r) = r + 1. Let h(o) = o**2 + 13*o + 7. Let t(i) = -h(i) + 3*n(i). Let c = 200 + -140. Suppose 0*g = -6*g - c. Calculate t(g).
-4
Let b(s) = -s**2 - 21*s - 101. Let o be b(-9). Suppose 138*n = 131*n + o. Let m(i) = -6*i**3 + i - 2. Calculate m(n).
-7
Let m(l) be the second derivative of 25 + 2*l - 5/6*l**4 - 4*l**2 - 1/20*l**5 + 1/6*l**3. Calculate m(-10).
-18
Let w(t) be the second derivative of -41*t + 7/2*t**2 + 1 + 1/6*t**3. Suppose -2*d = 3*d. Calculate w(d).
7
Let r(v) be the third derivative of v**7/210 - v**6/720 + v**5/120 + v**4/24 - v**3/3 + 3*v**2 + 3*v. Let u(a) be the second derivative of r(a). Calculate u(1).
12
Let r(x) be the first derivative of -2*x**3/3 - 21*x**2/2 - 26*x + 8658. Calculate r(-10).
-16
Let s(w) = w**3 + 13*w**2 - 11*w. Let b(u) = -u**2. Let d(t) = -b(t) - s(t). Let f be d(-13). Let v(g) = -3 + f*g - 7*g + 4 - 17*g. Give v(3).
7
Let y be 4 + (-15510)/(-48) - 1/8. Let l = 329 - y. Let z(t) = -11*t + 3. Give z(l).
-19
Let k(q) be the second derivative of 178 + 1/20*q**5 + 3/2*q**2 + q**3 + 2*q + 5/12*q**4. Let s(x) = -x**2 - 4*x + 1. Let g be s(-5). Determine k(g).
-5
Let r(t) = -t**3 + 11*t**2 - 25*t + 13. Suppose -2*o - 32 = -6*o. Let n be r(o). Let p(a) be the first derivative of -a**2/2 - 5*a + 1. Calculate p(n).
-10
Let s(y) = -79*y**3 - 13 + 4*y**2 + 2*y**2 + y**2 + 80*y**3 - y - 4*y**2. Give s(-3).
-10
Let h be -1 + -4 + (2 - (-7 - 0)). Let l(b) = -h*b + 2*b - 3 + 27. What is l(11)?
2
Let q(